{"id":9886,"date":"2025-09-11T09:49:12","date_gmt":"2025-09-11T07:49:12","guid":{"rendered":"https:\/\/salak.com.pl\/?post_type=product&#038;p=9886"},"modified":"2026-02-10T14:26:32","modified_gmt":"2026-02-10T13:26:32","slug":"sen-recollection","status":"publish","type":"product","link":"https:\/\/salak.com.pl\/en\/produkt\/sen-recollection\/","title":{"rendered":"SEN &#8211; RECOLLECTION"},"content":{"rendered":"","protected":false},"excerpt":{"rendered":"<p>SEN to uniwersalny mebel o minimalistycznej, rze\u017abiarskiej formie.<br \/>\nRozgo\u015b\u0107 si\u0119 wygodnie i znajd\u017a swojego idealnego Salaka!<\/p>\n","protected":false},"featured_media":2748,"template":"","meta":{"_acf_changed":false},"product_brand":[],"product_cat":[370],"product_tag":[],"kampania":[],"class_list":{"0":"post-9886","1":"product","2":"type-product","3":"status-publish","4":"has-post-thumbnail","6":"product_cat-recollection-en","7":"odznaki-recollection-shipping-within-2-days","9":"first","10":"instock","11":"sale","12":"sold-individually","13":"taxable","14":"shipping-taxable","15":"purchasable","16":"product-type-simple"},"acf":[],"_links":{"self":[{"href":"https:\/\/salak.com.pl\/en\/wp-json\/wp\/v2\/product\/9886","targetHints":{"allow":["GET"]}}],"collection":[{"href":"https:\/\/salak.com.pl\/en\/wp-json\/wp\/v2\/product"}],"about":[{"href":"https:\/\/salak.com.pl\/en\/wp-json\/wp\/v2\/types\/product"}],"wp:featuredmedia":[{"embeddable":true,"href":"https:\/\/salak.com.pl\/en\/wp-json\/wp\/v2\/media\/2748"}],"wp:attachment":[{"href":"https:\/\/salak.com.pl\/en\/wp-json\/wp\/v2\/media?parent=9886"}],"wp:term":[{"taxonomy":"product_brand","embeddable":true,"href":"https:\/\/salak.com.pl\/en\/wp-json\/wp\/v2\/product_brand?post=9886"},{"taxonomy":"product_cat","embeddable":true,"href":"https:\/\/salak.com.pl\/en\/wp-json\/wp\/v2\/product_cat?post=9886"},{"taxonomy":"product_tag","embeddable":true,"href":"https:\/\/salak.com.pl\/en\/wp-json\/wp\/v2\/product_tag?post=9886"},{"taxonomy":"kampania","embeddable":true,"href":"https:\/\/salak.com.pl\/en\/wp-json\/wp\/v2\/kampania?post=9886"}],"curies":[{"name":"wp","href":"https:\/\/api.w.org\/{rel}","templated":true}]}}

<p>SEN to uniwersalny mebel o minimalistycznej, rzeźbiarskiej formie.<br />
Rozgość się wygodnie i znajdź swojego idealnego Salaka!</p>
