{"id":1470,"date":"2024-12-11T12:04:16","date_gmt":"2024-12-11T11:04:16","guid":{"rendered":"https:\/\/salak.com.pl\/?post_type=product&#038;p=1470"},"modified":"2026-02-06T16:00:50","modified_gmt":"2026-02-06T15:00:50","slug":"sen","status":"publish","type":"product","link":"https:\/\/salak.com.pl\/en\/produkt\/sen\/","title":{"rendered":"SEN"},"content":{"rendered":"","protected":false},"excerpt":{"rendered":"<p>SEN to uniwersalny mebel o minimalistycznej, rze\u017abiarskiej formie.<br \/>\nRozgo\u015b\u0107 si\u0119 wygodnie i znajd\u017a swojego idealnego Salaka!<\/p>\n","protected":false},"featured_media":2748,"template":"","meta":{"_acf_changed":false},"product_brand":[],"product_cat":[89,96,91,97,94],"product_tag":[],"kampania":[],"class_list":{"0":"post-1470","1":"product","2":"type-product","3":"status-publish","4":"has-post-thumbnail","6":"product_cat-bestsellers","7":"product_cat-coffee-tables","8":"product_cat-seats","9":"product_cat-side-tables-bedside-tables","10":"product_cat-stools-hockers","11":"odznaki-bestseller-en","13":"first","14":"instock","15":"taxable","16":"shipping-taxable","17":"purchasable","18":"product-type-simple"},"acf":[],"_links":{"self":[{"href":"https:\/\/salak.com.pl\/en\/wp-json\/wp\/v2\/product\/1470","targetHints":{"allow":["GET"]}}],"collection":[{"href":"https:\/\/salak.com.pl\/en\/wp-json\/wp\/v2\/product"}],"about":[{"href":"https:\/\/salak.com.pl\/en\/wp-json\/wp\/v2\/types\/product"}],"wp:featuredmedia":[{"embeddable":true,"href":"https:\/\/salak.com.pl\/en\/wp-json\/wp\/v2\/media\/2748"}],"wp:attachment":[{"href":"https:\/\/salak.com.pl\/en\/wp-json\/wp\/v2\/media?parent=1470"}],"wp:term":[{"taxonomy":"product_brand","embeddable":true,"href":"https:\/\/salak.com.pl\/en\/wp-json\/wp\/v2\/product_brand?post=1470"},{"taxonomy":"product_cat","embeddable":true,"href":"https:\/\/salak.com.pl\/en\/wp-json\/wp\/v2\/product_cat?post=1470"},{"taxonomy":"product_tag","embeddable":true,"href":"https:\/\/salak.com.pl\/en\/wp-json\/wp\/v2\/product_tag?post=1470"},{"taxonomy":"kampania","embeddable":true,"href":"https:\/\/salak.com.pl\/en\/wp-json\/wp\/v2\/kampania?post=1470"}],"curies":[{"name":"wp","href":"https:\/\/api.w.org\/{rel}","templated":true}]}}

<p>SEN to uniwersalny mebel o minimalistycznej, rzeźbiarskiej formie.<br />
Rozgość się wygodnie i znajdź swojego idealnego Salaka!</p>
